 = 1220 + 8236. What are the prime factors of q?
2, 3, 197
Let s be (-10)/(-8) + (-98)/336*-6. What are the prime factors of (104/(-20) + s)/((-1)/335)?
11, 67
Let v(a) = -a**3 + 47*a**2 + 95*a + 55. What are the prime factors of v(38)?
16661
Let a(w) = 1630*w**2 - 15*w + 14. List the prime factors of a(1).
3, 181
Let w(z) = 4587*z + 3662. What are the prime factors of w(4)?
2, 5, 31, 71
Let b(j) = -16*j**3 - 2*j**2. Let v be b(-3). Let f = 959 - 955. Suppose -v = -f*n - 2*n. List the prime factors of n.
3, 23
Let g(c) = -3*c**2 + 63*c + 71. Let v be g(22). Suppose -5*a - 3*h + 7650 = 2*h, -v*a + 7610 = -5*h. List the prime factors of a.
2, 7, 109
Let f = 778 - 803. List the prime factors of (-27510)/f - (-1)/(-5)*-3.
3, 367
Let d be ((-11298)/(-9))/7 - (-2)/(-6). Let r = d + -107. List the prime factors of r.
2, 3
Let l(w) = 156*w + 273. What are the prime factors of l(16)?
3, 13, 71
Suppose 46*k - 237545 + 51935 = 0. What are the prime factors of k?
3, 5, 269
Suppose -77*l - 8 = -73*l, -2*q + 11076 = -3*l. What are the prime factors of q?
3, 5, 41
Suppose 31*v + 143690 = 1053199. List the prime factors of v.
29339
Suppose 2*m - 67372 = -4*h - 0*m, 33686 = 2*h + 4*m. What are the prime factors of h?
16843
List the prime factors of (-5677)/(0 - 9/27).
3, 7, 811
Let c = -4774 + 11148. List the prime factors of c.
2, 3187
Suppose -106*n + 139301 + 461719 = 0. List the prime factors of n.
2, 3, 5, 7
Suppose -4*f - 1 = 3, -2*f - 8 = -3*z. Suppose y - z*s = 2*y - 6, 0 = -s - 2. Suppose 458 = -8*p + y*p. What are the prime factors of p?
229
Let z = 10898 + -190. What are the prime factors of z?
2, 2677
Let f = 355 + -355. What are the prime factors of -3 + (-313 + f)*(-11 + 10)?
2, 5, 31
What are the prime factors of (-75)/75 - (3 - 2830)?
2, 3, 157
Let z(g) be the first derivative of -g**3/3 + 7*g**2/2 + 24*g - 25. Let j be 6 + 4/(7 + -3). List the prime factors of z(j).
2, 3
Suppose 3*s + 3*i - i = -2, 3*s + 4*i + 10 = 0. Suppose s*b = 201 + 69. List the prime factors of b.
3, 5
Let k = 368 - 249. Let u = k - 103. List the prime factors of u.
2
Let a(x) = x**2 + 13*x + 32. Let g be a(-10). Suppose -8 = -4*h - 2*d + 16, -9 = -3*h + 3*d. What are the prime factors of (-2)/g + (h - -112)?
2, 29
Let s(y) = 3158*y**2 - 1893*y + 9432. List the prime factors of s(5).
53, 1489
What are the prime factors of ((-1736)/28)/((-10)/115)?
23, 31
What are the prime factors of 163*(-3)/((-3)/41)?
41, 163
Let m = 412 + -401. Suppose 72 = m*d - 269. List the prime factors of d.
31
Suppose -4*b - j = -5222, 3*b = -17*j + 15*j + 3919. What are the prime factors of b?
3, 5, 29
Suppose -13*b + 109 = -151. Suppose 10*l - b*l + 50 = 0. Suppose 3*x + 2 + 75 = 5*p, -5*x = -l*p + 85. What are the prime factors of p?
13
Let p = 81 - -19. Let l = p - -130. List the prime factors of l.
2, 5, 23
Suppose -17 - 73 = -9*t. Suppose 0 = 4*y - n - 1389 + 155, t = -5*n. List the prime factors of y.
2, 7, 11
Let w(k) = k + 2. Let i be w(-17). Let b(p) = -p**3 - 15*p**2 - p - 10. Let g be b(i). Suppose -g*a = 3*a - 40. What are the prime factors of a?
5
Suppose 34*g + 28830 = 38*g + 3*j, 7203 = g + 3*j. List the prime factors of g.
3, 89
Let a be 5 + (4/16)/(2/56). Suppose 0 = -17*n + a*n + 345. What are the prime factors of n?
3, 23
Let a(p) = -45*p**3 - 49*p**2 + 28*p - 35. List the prime factors of a(-10).
5, 73, 109
Let a = -7783 + 21260. What are the prime factors of a?
13477
Let w be (-114)/(-209) - (-14228)/11. Let d = w + -869. What are the prime factors of d?
5, 17
Suppose -2*h = -0*h + g - 21, 2*h - 16 = 4*g. What are the prime factors of (-2034)/(-15) - (-4)/h?
2, 17
Suppose 3*j - 361 = 161. Let v be (252/756)/((-2)/(-708)). Let g = j - v. What are the prime factors of g?
2, 7
Let b = 2374 - 1061. List the prime factors of b.
13, 101
Suppose -2*u = -q + 31155 + 1513, u + 97959 = 3*q. What are the prime factors of q?
2, 5, 653
Suppose 0 = -3*a + 360 - 132. What are the prime factors of ((-3857)/a + (-1 - 2))*-4?
5, 43
Suppose 31*d - 33*d + 6886 = 0. Let h = d + -2398. What are the prime factors of h?
5, 11, 19
Suppose -3*y + 4*y = 103. Suppose -391 = 4*o - 5*v, o - 5*v + 2*v = -y. Let a = o - -146. List the prime factors of a.
2, 13
Let r be (-12 + 0)*378/(-8). Let c = 992 - 987. Suppose -c*a - 152 = -r. List the prime factors of a.
83
Let u = -178 + 129. Let j = 205 - u. What are the prime factors of j?
2, 127
Suppose 5*i - 2*i = -3*x - 600, -4*i = -3*x + 786. Let w = i - -356. What are the prime factors of w?
2, 79
Suppose 6*i - 665 = 5*f + 3*i, 365 = -3*f - 5*i. Let s(g) = -6*g**2 + 8. Let d be s(4). Let y = d - f. What are the prime factors of y?
2, 3, 7
Let m = 682 + -646. What are the prime factors of (-2364)/(-2)*18/m?
3, 197
Suppose 38*y - 330 = 43*y. List the prime factors of y/(-24) - 3 - 1117/(-4).
3, 31
What are the prime factors of 1 - 0 - ((-2926110)/100 - (-2)/20)?
2, 3, 4877
What are the prime factors of 166671/36*(-16)/(-6)?
2, 6173
Let t(c) = 13*c**3 - 24*c**2 + 58*c - 9. Let y(v) = 2*v**3 - v**2 + v - 1. Let w(a) = t(a) - 7*y(a). What are the prime factors of w(-21)?
691
What are the prime factors of -3 + 9433 + (2 + -8)/(-2)?
9433
Let z(j) be the third derivative of 8*j**2 - 1/4*j**4 + 5/3*j**3 + 0*j + 0 + 1/120*j**6 + 13/60*j**5. What are the prime factors of z(-13)?
2, 11
Let t(n) = -42*n - 86. Let c be t(-2). List the prime factors of 163860/150 - (-3)/(-10)*c.
1093
Let y = 252 + -241. Suppose 6*f = 5*i + y*f - 3165, f = 0. List the prime factors of i.
3, 211
List the prime factors of 22/14 + -2 - (-475264)/112.
4243
Let a be (-5 - -4)/(1/21). List the prime factors of (-2610)/a - (-20)/(-70).
2, 31
Let c be -6 - (-4)/(20/15). List the prime factors of 3/((-3)/457)*(2 + c).
457
Let d = -82 - -95. Suppose -4*h - 16 = 0, 11*t - h + 2930 = d*t. List the prime factors of t.
3, 163
Let y(z) = 29 + 22*z - 41 + 32. Let h be y(-3). Let v = 149 + h. What are the prime factors of v?
103
Suppose 0 = -p + 4*p - 6. Let w(t) = 2*t**3 - 42*t**2 - 42*t - 37. Let j be w(22). What are the prime factors of -154*(p + (4 - j)) - -3?
157
Suppose -c + 4*d = -61, 2*d - 1 = 5. Suppose w = 5*b - 169, -2*b - 3*w = 2*w - c. List the prime factors of b.
2, 17
Let b(i) = -1275*i + 1439. What are the prime factors of b(-10)?
7, 2027
Suppose -3*s = -5*f + 52, 5*f - 13 - 21 = s. Let u be s/(135/(-50))*48. Suppose -6*c + u = 2*c. List the prime factors of c.
2, 5
Let j(f) = 240*f - 2638. List the prime factors of j(65).
2, 6481
Let f(t) = t**2 + 16*t + 30. Let q(v) = -11*v + 52. Let o be q(6). Let z be f(o). Suppose z*g = 8*g - 168. List the prime factors of g.
2, 7
Suppose -2*t + f + 83835 = 0, -209595 = -485*t + 480*t + 5*f. What are the prime factors of t?
2, 3, 7, 499
Suppose -3*z = c - 19, 0 = -z + 5 - 0. Let a(t) = 5*t**2 - 21*t - 6*t**2 + 0*t + c. What are the prime factors of a(-16)?
2, 3, 7
Let r be (-9)/((-18)/2830) + 2. Suppose 0 = 16*n + r - 8201. What are the prime factors of n?
2, 53
List the prime factors of 68737/1 - (-23 - (0 - 13)).
7, 23, 61
Let f(k) = -17*k + 102. Let j be f(6). Suppose j = 27*b - 2*b - 1675. List the prime factors of b.
67
Suppose 105*l - 4*k = 104*l + 2278, -3*l - 3*k = -6909. List the prime factors of l.
2, 3, 383
Let b = 8106 + -2029. List the prime factors of b.
59, 103
Let b(a) = -229*a**3 + 68*a**2 - 5*a + 6. What are the prime factors of b(-5)?
2, 7589
Let y be 6/(-1) + (-5 - 8/(-1)). Let q be (-5550)/(-40) + y/(-12). Let x = 290 - q. What are the prime factors of x?
151
Let g = 87919 - 8680. List the prime factors of g.
3, 61, 433
Let i(u) = 430*u**2 + 73*u + 3. List the prime factors of i(4).
5, 7, 41
Let x(l) = 8*l**2 + 3*l + 16. Let i be x(-3). Suppose 94 = -q + 4*u, -q - 84 = -0*q - 2*u. Let j = q + i. List the prime factors of j.
5
Let h(s) = -2*s**3 - 59 - 12*s**2 + 4*s**3 + 51 + s**3. What are the prime factors of h(5)?
67
Let l be (-97490)/(-130) - 2/(-26). Let c = l - 510. What are the prime factors of c?
2, 3, 5
What are the prime factors of (-1 - -36)/((-474)/(-1111530))?
5, 7, 67
What are the prime factors of (-36)/(-40)*2 + (-56226)/(-5)?
3, 23, 163
Suppose 50*q - 45*q = 0. Suppose -27*l + 3271 + 1994 = q. List the prime factors of l.
3, 5, 13
Let a be (2 - 0)*(-7 + -1). Let z = a - 29. Let j = -11 - z. List the prime factors